digit of 277042?
7
What is the hundreds digit of 200457?
4
What is the units digit of 20607434?
4
What is the units digit of 378508?
8
What is the millions digit of 1216443?
1
What is the ten thousands digit of 602283?
0
What is the tens digit of 1454252?
5
What is the millions digit of 1373862?
1
What is the thousands digit of 2757540?
7
What is the tens digit of 1859384?
8
What is the thousands digit of 2512?
2
What is the hundred thousands digit of 752604?
7
What is the thousands digit of 620898?
0
What is the units digit of 6349723?
3
What is the tens digit of 557947?
4
What is the ten thousands digit of 1473682?
7
What is the thousands digit of 6506637?
6
What is the millions digit of 1031031?
1
What is the tens digit of 2665027?
2
What is the tens digit of 72441?
4
What is the millions digit of 5676522?
5
What is the thousands digit of 869650?
9
What is the thousands digit of 186382?
6
What is the millions digit of 8840079?
8
What is the thousands digit of 6498300?
8
What is the units digit of 203928?
8
What is the thousands digit of 171584?
1
What is the thousands digit of 518759?
8
What is the hundreds digit of 921555?
5
What is the hundred thousands digit of 15783179?
7
What is the hundred thousands digit of 247909?
2
What is the hundred thousands digit of 12026953?
0
What is the units digit of 2233516?
6
What is the hundreds digit of 1251894?
8
What is the units digit of 8066686?
6
What is the units digit of 317219?
9
What is the thousands digit of 11145909?
5
What is the units digit of 476043?
3
What is the ten thousands digit of 9436442?
3
What is the tens digit of 281602?
0
What is the hundred thousands digit of 110361?
1
What is the thousands digit of 16030212?
0
What is the hundred thousands digit of 785177?
7
What is the millions digit of 9694993?
9
What is the hundred thousands digit of 5898905?
8
What is the units digit of 7202505?
5
What is the units digit of 4106250?
0
What is the millions digit of 1543392?
1
What is the thousands digit of 168431?
8
What is the tens digit of 2307396?
9
What is the thousands digit of 8979624?
9
What is the hundreds digit of 297603?
6
What is the hundred thousands digit of 10617046?
6
What is the thousands digit of 10441780?
1
What is the tens digit of 254870?
7
What is the tens digit of 4459835?
3
What is the millions digit of 20031000?
0
What is the millions digit of 1567566?
1
What is the ten thousands digit of 83071?
8
What is the units digit of 405860?
0
What is the hundreds digit of 751629?
6
What is the hundreds digit of 61559?
5
What is the hundred thousands digit of 694209?
6
What is the ten thousands digit of 126883?
2
What is the thousands digit of 416991?
6
What is the hundreds digit of 917284?
2
What is the ten thousands digit of 798436?
9
What is the ten thousands digit of 250347?
5
What is the thousands digit of 1865486?
5
What is the hundred thousands digit of 9486510?
4
What is the thousands digit of 7633501?
3
What is the millions digit of 2557450?
2
What is the ten thousands digit of 2844496?
4
What is the hundred thousands digit of 420460?
4
What is the tens digit of 20358903?
0
What is the hundred thousands digit of 416794?
4
What is the ten thousands digit of 581644?
8
What is the hundred thousands digit of 412160?
4
What is the ten thousands digit of 15880738?
8
What is the tens digit of 103480?
8
What is the tens digit of 1185487?
8
What is the thousands digit of 2045806?
5
What is the hundred thousands digit of 4753081?
7
What is the millions digit of 1543411?
1
What is the units digit of 14338353?
3
What is the thousands digit of 1607311?
7
What is the tens digit of 1341351?
5
What is the hundreds digit of 1749154?
1
What is the ten millions digit of 25706937?
2
What is the hundred thousands digit of 549707?
5
What is the hundreds digit of 6162207?
2
What is the thousands digit of 1743338?
3
What is the hundred thousands digit of 17420417?
4
What is the millions digit of 1485221?
1
What is the thousands digit of 1059536?
9
What is the hundreds digit of 4730533?
5
What is the tens digit of 1233736?
3
What is the tens digit of 1144530?
3
What is the units digit of 105846?
6
What is the hundreds digit of 9416814?
8
What is the hundreds digit of 81721?
7
What is the ten thousands digit of 498454?
9
What is the hundreds digit of 15539005?
0
What is the tens digit of 406847?
4
What is the millions digit of 5851105?
5
What is the hundred thousands digit of 17973465?
9
What is the thousands digit of 1436202?
6
What is the thousands digit of 1894172?
4
What is the tens digit of 19053538?
3
What is the tens digit of 11621670?
7
What is the thousands digit of 1069114?
9
What is the tens digit of 8481118?
1
What is the millions digit of 4182944?
4
What is the hundreds digit of 2822447?
4
What is the thousands digit of 2440840?
0
What is the hundred thousands digit of 5083102?
0
What is the hundred thousands digit of 277461?
2
What is the thousands digit of 5196998?
6
What is the ten thousands digit of 608413?
0
What is the hundred thousands digit of 1481583?
4
What is the thousands digit of 5615414?
5
What is the hundred thousands digit of 182847?
1
What is the millions digit of 2981546?
2
What is the thousands digit of 4686093?
6
What is the units digit of 706158?
8
What is the ten thousands digit of 1305277?
0
What is the millions digit of 9156836?
9
What is the hundreds digit of 4868541?
5
What is the ten thousands digit of 1417742?
1
What is the units digit of 1211144?
4
What is the units digit of 550588?
8
What is the ten thousands digit of 632365?
3
What is the hundreds digit of 437666?
6
What is the thousands digit of 18195?
8
What is the hundred thousands digit of 1735359?
7
What is the ten thousands digit of 4221904?
2
What is the thousands digit of 1812264?
2
What is the ten thousands digit of 3803914?
0
What is the hundred thousands digit of 6168326?
1
What is the tens digit of 159177?
7
What is the units digit of 1037909?
9
What is the units digit of 36128?
8
What is the hundreds digit of 1871317?
3
What is the millions digit of 11416395?
1
What is the hundreds digit of 891819?
8
What is the millions digit of 6543687?
6
What is the thousands digit of 901550?
1
What is the ten thousands digit of 705020?
0
What is the hundreds digit of 9459297?
2
What is the units digit of 30748?
8
What is the tens digit of 400592?
9
What is the units digit of 146565?
5
What is the millions digit of 1169502?
1
What is the thousands digit of 4845347?
5
What is the hundreds digit of 25379837?
8
What is the ten millions digit of 18253382?
1
What is the units digit of 569742?
2
What is the thousands digit of 3304085?
4
What is the millions digit of 2055537?
2
What is the millions digit of 2631227?
2
What is the units digit of 17094996?
6
What is the units digit of 3044184?
4
What is the units digit of 3038611?
1
What is the thousands digit of 1246297?
6
What is the hundred thousands digit of 324872?
3
What is the tens digit of 18170?
7
What is the ten thousands digit of 13190?
1
What is the millions digit of 7121473?
7
What is the thousands digit of 17764010?
4
What is the tens digit of 6995695?
9
What is the units digit of 2907885?
5
What is the units digit of 28940125?
5
What is the units digit of 216669?
9
What is the ten thousands digit of 230663?
3
What is the ten thousands digit of 337071?
3
What is the hundred thousands digit of 18822020?
8
What is the hundreds digit of 15837858?
8
What is the thousands digit of 2131236?
1
What is the hundreds digit of 6555773?
7
What is the ten thousands digit of 3341089?
4
What is the tens digit of 2344854?
5
What is the tens digit of 2657599?
9
What is the tens digit of 373605?
0
What is the thousands digit of 698811?
8
What is the units digit of 156376?
6
What is the hundreds digit of 5452673?
6
What is the hundreds digit of 502773?
7
What is the units digit of 683?
3
What is the ten thousands digit of 19413?
1
What is the units digit of 6259921?
1
What is the tens digit of 79471?
7
What is the hundred thousands digit of 856360?
8
What is the tens digit of 9475001?
0
What is the hundreds digit of 393386?
3
What is the hundreds digit of 10672514?
5
What is the thousands digit of 338038?
8
What is the tens digit of 3046641?
4
What is the tens